+ 3*k - 84. Let i = 192 - o. Calculate the highest common divisor of 21 and i.
21
Suppose -3*b + 6 = 0, 0 = -2*z + z + 2*b + 7. Suppose 3*s = -r + 92, -3*s + 323 = r + 3*r. What is the highest common divisor of r and z?
11
Let b(j) = j**2 - 11*j + 2. Let d be b(11). Let h be 36/((d - 5)/(-3)). What is the highest common factor of 4 and h?
4
Suppose 6*g - 2*g + 3*j - 23 = 0, -4*g + 15 = -5*j. Suppose -3*d - 23 = -4*d - 2*h, 2*h = -g*d + 107. What is the highest common divisor of 147 and d?
21
Let f be 374 + 24/(-15 - -7). Calculate the greatest common divisor of 35 and f.
7
Suppose -3*k + 149 = -169. What is the highest common factor of k and 106?
106
Suppose -5*y + 7 = 4*z - 24, 3*y - 21 = -3*z. Let d = 0 - y. Let j be 8 + (d - -3)/1. What is the greatest common factor of 2 and j?
2
Let t(d) = -d**2 - 9*d - 6. Let r be t(-8). Suppose 0 = r*s + 2*s - 4, g - 4*s + 1 = 0. Suppose -g*y - 3 = -75. What is the greatest common factor of y and 8?
8
Suppose -4*d + 2258 = -2*h, -13*h = 3*d - 10*h - 1689. What is the greatest common factor of 12 and d?
12
Let c(y) = -y**3 - 9*y**2 + 12*y + 25. Let s be c(-10). Suppose 22*f = 17*f + s. Calculate the highest common divisor of f and 8.
1
Let v = 882 - 856. Let j be (22/4)/(3/78). Calculate the greatest common factor of v and j.
13
Let q be (-2)/4*660/(-15). Let u = q - 6. Calculate the greatest common divisor of 144 and u.
16
Let i = -10734 - -10750. Let h be (-159)/(-2) + 2/4. Calculate the greatest common divisor of i and h.
16
Let b = 58 - 55. Suppose -5*p + b*p + 12 = 0. Let a(v) = -3*v - 3. Let y be a(-2). Calculate the greatest common factor of y and p.
3
Suppose 8*i + 31 = 119. Let p = -3 + i. What is the greatest common factor of p and 8?
8
Let p(m) = -m**3 + 6*m**2 - 6*m - 6. Let a be p(6). Let d = 36 + a. Let s be (-81)/d*(-70)/(-5). What is the highest common factor of s and 21?
21
Suppose -8*y + 40 = 4*u - 4*y, -3*y = 4*u - 42. Suppose -u*t = -9*t - 1035. What is the highest common divisor of t and 15?
15
Let l = 14 - -18. Suppose -2*v - 8 = -5*f - 68, 4*v - 2*f - 88 = 0. Let m = -12 + v. Calculate the greatest common factor of l and m.
8
Let f(i) = 13*i**3 + i**2 - i - 1. Let j be f(1). What is the greatest common divisor of j and 12?
12
Suppose -17*r = -r - 3328. What is the greatest common divisor of 26 and r?
26
Let x = -1 - -9. Suppose -12*y + 256 = -4*y. Calculate the highest common divisor of y and x.
8
Let x be 214/(-10) + (-2)/(-5). Let l be x/(-2)*(-84)/(-9). Suppose p + 2*b = -p + 34, 15 = 5*b. Calculate the greatest common factor of p and l.
14
Suppose 0 = -2*j + 86 - 30. Let m(k) be the first derivative of -15*k**2/2 - 3*k + 1. Let l be m(-3). What is the highest common divisor of j and l?
14
Let a = 2 + 5. Let i = a - 0. Calculate the highest common factor of i and 7.
7
Let w = 16 - 26. Let f be 63/(-5) + (-6)/w. Let c = 34 + f. Calculate the highest common factor of 55 and c.
11
Let h be 478 + (2 + 5)*78/91. Calculate the highest common divisor of 121 and h.
121
Suppose -5 = -8*q + 7*q. Let y = -67 - -102. Calculate the highest common factor of q and y.
5
Let x(k) = 6*k + 186. Let p be x(-17). Let n(g) = g**2 + 14*g + 8. Let f be n(-6). Let h = p + f. Calculate the highest common divisor of h and 110.
22
Let j = 11 + -11. Suppose 6*o + j*o = 1440. Calculate the highest common divisor of 24 and o.
24
Let y = 137 + 47. Suppose i + y = 5*k - 186, 4*k - 287 = -i. Suppose 4*b - k = -0*l - 3*l, 4*b = -l + 83. Calculate the greatest common divisor of 198 and b.
22
Suppose 0 = 17*i - 21*i + 8. What is the highest common factor of 18 and i?
2
Let n = -2 - -3. Suppose 2*p - 4 = 0, -2*p - 87 = -5*l + 2*p. Suppose n = -z + l. What is the highest common divisor of z and 27?
9
Let f(m) = -14*m - 52. Let c be f(-4). What is the greatest common divisor of c and 20?
4
Let f be (-2 + 12)*(28/(-8) - -2). Let y be (1 + -37)*f/10. Calculate the highest common factor of 18 and y.
18
Let k = 89 - 160. Let b(j) = -81*j + 3. Let h be b(2). Let t = k - h. Calculate the highest common divisor of t and 22.
22
Let x be (-24)/(-10) + (-6)/15. Suppose -6*j + x*j + 156 = 0. Let i be 474/39 + (-6)/j. What is the highest common divisor of 132 and i?
12
Let s be 14/1 - 1*-2. Let g(x) = 5*x - 16. Let u be g(5). Suppose 12*f - 120 = u*f. What is the greatest common divisor of s and f?
8
Suppose -3*p - 2*g + 207 = g, 2*p + 4*g = 132. Let u = p + -53. Calculate the highest common factor of 171 and u.
19
Let u(h) = 2*h**2 - 2*h - 14. Let n be u(12). Suppose 5*r = -3*g + 438, 5*g - n = -5*r + 2*r. What is the greatest common factor of r and 10?
10
Let t(x) = -3*x - 3. Let w be t(-3). Suppose -3 = 3*m - 4*v, 3*m + 2*v + 2*v + 3 = 0. Let k be m/(-4) - 35/(-20). What is the greatest common factor of k and w?
2
Let t(v) = 31*v**2 + 15*v - 49. Let a be t(3). Calculate the highest common divisor of a and 50.
25
Suppose 9*n = -92 + 290. What is the greatest common divisor of n and 374?
22
Suppose -n + 116 = 2*d, 0 = d + 5*n - 0*n - 58. What is the highest common divisor of d and 87?
29
Suppose 5*w + 80 = 4*n, -n + 8 + 12 = w. Suppose -3*s + 24 = -4*f, -s - 5*f - 2 = -29. Let d be s/18*15*2. Calculate the greatest common divisor of d and n.
20
Let i be 61/3*63/3. Suppose -5*x - i = -2*u, -5*u + 0 - 20 = 0. Let m = -54 - x. Calculate the highest common factor of m and 11.
11
Suppose 7*i - 5*i + 104 = 2*h, -i + 248 = 5*h. What is the highest common divisor of h and 75?
25
Let l = -13 + 8. Let w be (3/(-5))/((-1)/l). Let f be (-132)/(-14)*(10 + w). Calculate the greatest common divisor of 44 and f.
22
Let c(g) = 2*g**3 - 30*g**2 + 31*g - 8. Let m be c(14). What is the highest common factor of m and 51?
17
Let h = -308 + 319. Calculate the greatest common divisor of 473 and h.
11
Let w = -139 + 227. Let a be (-4 + -1)*16/(-10). What is the greatest common divisor of a and w?
8
Let c = 482 - 322. Suppose -4*k + 56 = -2*x, -5*k + 56 = -k - 4*x. Let u be -20*(5/30 + k/(-12)). Calculate the highest common divisor of u and c.
20
Let i be ((-4)/(-5))/(5 + (-369)/75). Let j = 32 + i. What is the highest common factor of j and 28?
14
Suppose -c = -4*t - 219, -6*c + 271 = -5*t - 2*c. Let x be ((-1)/(-1))/((-5)/t). Calculate the greatest common divisor of 22 and x.
11
Let m(p) = 12*p + 3. Let c be m(2). Let a = -2 + 11. Calculate the greatest common factor of c and a.
9
Let s = -67 + 115. Suppose v + s = 178. Calculate the highest common divisor of 52 and v.
26
Let x be -1*2 + 20 + -3. Let v(m) = 9*m - 14 + 11*m - x*m. Let p be v(5). Calculate the highest common factor of 11 and p.
11
Let d(h) = -h + 19. Let g be d(-25). Let y(r) = -3 - r**3 - 2 - 4*r - 2*r**2 - 2*r**2. Let k be y(-4). Calculate the highest common factor of g and k.
11
Let n(h) = 23*h**3 + 2*h**2 + 3*h + 1. Let u = -8 - -6. Let s be n(u). Let b = s + 349. What is the greatest common factor of 21 and b?
21
Let x be (-2575)/(-35) - 21/(-49). Calculate the greatest common factor of x and 10.
2
Let w = 41 + -5. Suppose -2*c + 5*c = w. Let g be c/9 + (-40)/(-15). What is the highest common factor of 2 and g?
2
Let c(u) = u**3 + 7*u**2 + 4*u + 8. Let j be c(-6). Let f be ((-170)/25 - 6)/((-4)/(-30)). Let m = 116 + f. What is the greatest common divisor of m and j?
20
Let g(r) = r + 104. Let u be g(-16). Calculate the highest common divisor of u and 572.
44
Let k(t) = 40*t - 8. Let p be k(5). Let o = -128 + p. Calculate the greatest common factor of 16 and o.
16
Let t = 6 - -27. What is the greatest common divisor of 3 and t?
3
Let x(b) = 4*b**2 - 3*b - 21. Let u be x(-5). Calculate the highest common factor of 1363 and u.
47
Suppose -7*h - 85 = -5*l - 2*h, -4*h = 2*l - 64. Let x be (-3 - -2 - 2) + 3. Suppose x = -3*r + 30 + 135. What is the highest common divisor of l and r?
11
Let h = -401 - -1731. What is the highest common divisor of h and 70?
70
Suppose 0*d - 5*d = -1990. Let z = 585 - d. What is the highest common divisor of z and 17?
17
Suppose -549 = -6*f - 219. What is the highest common factor of 30 and f?
5
Let l = 120 + -73. Suppose 5*j + l = -s + 245, 4*j - 164 = 2*s. What is the greatest common divisor of 30 and j?
10
Let m(q) = -10*q - 31. Let x be m(-7). Suppose -x*c + 5 = -34*c. Calculate the highest common divisor of c and 1.
1
Let b = 149 - 132. Calculate the